{"id":214,"date":"2024-10-01T10:55:53","date_gmt":"2024-10-01T10:55:53","guid":{"rendered":"https:\/\/green-webdesign.dk\/?page_id=214"},"modified":"2025-02-06T00:12:19","modified_gmt":"2025-02-06T00:12:19","slug":"servicetimer","status":"publish","type":"page","link":"https:\/\/aars-webdesign.dk\/index.php\/servicetimer\/","title":{"rendered":"Servicetimer"},"content":{"rendered":"\t\t<div data-elementor-type=\"wp-page\" data-elementor-id=\"214\" class=\"elementor elementor-214\" data-elementor-post-type=\"page\">\n\t\t\t\t<div class=\"elementor-element elementor-element-49a0b31 e-flex e-con-boxed wpr-particle-no wpr-jarallax-no wpr-parallax-no wpr-sticky-section-no e-con e-parent\" data-id=\"49a0b31\" data-element_type=\"container\">\n\t\t\t\t\t<div class=\"e-con-inner\">\n\t\t\t\t<div class=\"elementor-element elementor-element-1d38ca6b elementor-widget elementor-widget-text-editor\" data-id=\"1d38ca6b\" data-element_type=\"widget\" data-widget_type=\"text-editor.default\">\n\t\t\t\t<div class=\"elementor-widget-container\">\n\t\t\t\t\t\t\t\t\t\n<h4 class=\"wp-block-heading\">Hj\u00e6lp til din hjemmeside, computer eller noget helt andet<\/h4>\n\n<div class=\"wp-block-group alignfull\"><div class=\"wp-block-group__inner-container is-layout-flow wp-block-group-is-layout-flow\">\n<div class=\"wp-block-group alignfull\"><div class=\"wp-block-group__inner-container is-layout-flow wp-block-group-is-layout-flow\">\n<div class=\"wp-block-group alignfull\" style=\"padding: var(--wp--preset--spacing--superbspacing-xxlarge) var(--wp--preset--spacing--superbspacing-small) var(--wp--preset--spacing--superbspacing-xxlarge) var(--wp--preset--spacing--superbspacing-small);\"><div class=\"wp-block-group__inner-container is-layout-constrained wp-container-core-group-is-layout-94cf4cd9 wp-block-group-is-layout-constrained\">\n<div class=\"wp-block-columns alignwide is-layout-flex wp-container-core-columns-is-layout-ad306d4b wp-block-columns-is-layout-flex\" style=\"margin-top: 0; margin-bottom: 0;\">\n<div class=\"wp-block-column is-vertically-aligned-center is-layout-flow wp-block-column-is-layout-flow\">\n<h3 class=\"wp-block-heading has-text-align-left has-superbfont-large-font-size\">Fra stort til sm\u00e5t &#8211; Fortvivl ikke, vi hj\u00e6lper gerne<\/h3>\n\n<p class=\"has-text-align-left has-secondary-color has-text-color has-superbfont-medium-font-size\">Selvom mine l\u00f8sninger er utrolige nemme at arbejde med er det nogle gange bare rart at f\u00e5 hj\u00e6lp<span style=\"font-size: revert; background-color: var(--wp--preset--color--base); font-family: var(--wp--preset--font-family--manrope);\">. <\/span><\/p>\n\n<p class=\"has-text-align-left has-secondary-color has-text-color has-superbfont-medium-font-size\">Er du k\u00f8rt fast i redigering af din hjemmeside, sidder jeg klar til at hj\u00e6lpe dig bare rart at f\u00e5 hj\u00e6lp<span style=\"font-size: revert; background-color: var(--wp--preset--color--base); font-family: var(--wp--preset--font-family--manrope);\">. <\/span>I stedet for at betale flere tusind kroner om \u00e5ret for at f\u00e5 opdateret din side, kan du hos Aars-webdesign k\u00f8be service timer. Dermed betaler du kun for det du du bruger og der afregnes pr. p\u00e5begynd kvarter.<\/p>\n<\/div>\n\n<div class=\"wp-block-column is-vertically-aligned-center is-layout-flow wp-block-column-is-layout-flow\" style=\"padding-right: 0; padding-bottom: 0; padding-left: 0;\">\n<figure class=\"wp-block-image size-large is-resized has-custom-border is-style-rounded\"><img fetchpriority=\"high\" decoding=\"async\" width=\"1024\" height=\"692\" class=\"wp-image-249\" style=\"border-radius: 20px; width: 552px; height: auto;\" src=\"https:\/\/aars-webdesign.dk\/wp-content\/uploads\/2024\/10\/Fortvivl-ikke-foran-baerbar-1024x692.jpg\" alt=\"\" srcset=\"https:\/\/aars-webdesign.dk\/wp-content\/uploads\/2024\/10\/Fortvivl-ikke-foran-baerbar-1024x692.jpg 1024w, https:\/\/aars-webdesign.dk\/wp-content\/uploads\/2024\/10\/Fortvivl-ikke-foran-baerbar-300x203.jpg 300w, https:\/\/aars-webdesign.dk\/wp-content\/uploads\/2024\/10\/Fortvivl-ikke-foran-baerbar-768x519.jpg 768w, https:\/\/aars-webdesign.dk\/wp-content\/uploads\/2024\/10\/Fortvivl-ikke-foran-baerbar.jpg 1280w\" sizes=\"(max-width: 1024px) 100vw, 1024px\" \/><\/figure>\n<\/div>\n<\/div>\n\n<div class=\"wp-block-columns alignwide is-layout-flex wp-container-core-columns-is-layout-ad306d4b wp-block-columns-is-layout-flex\" style=\"margin-top: 0; margin-bottom: 0;\">\n<div class=\"wp-block-column is-vertically-aligned-center is-layout-flow wp-block-column-is-layout-flow\">\n<h3 class=\"wp-block-heading has-text-align-left has-superbfont-large-font-size\">Du kan ogs\u00e5 v\u00e6lge at k\u00f8be &#8211; Fri support<\/h3>\n\n<p class=\"has-text-align-left has-secondary-color has-text-color has-superbfont-medium-font-size\">N\u00e5r du k\u00f8ber <strong>Fri support<\/strong><\/p>\n\n<p class=\"has-text-align-left has-secondary-color has-text-color has-superbfont-medium-font-size\">F\u00e5 den support, du har behov for, uden ekstra omkostninger. Det skal v\u00e6re nemt at have en hjemmeside eller en webshop, som jeg har lavet. Aars-webdesign \u00f8nsker at mine kunder f\u00e5r mest muligt ud af deres hjemmeside, derfor tilbyder jeg at du kan k\u00f8be <strong>Fri support<\/strong>. Vi aftaler hvad den Fri support skal indeholde, s\u00e5 har du tid til at bruge dine kr\u00e6fter p\u00e5 din virksomhed.<\/p>\n\n<p class=\"has-text-align-left has-secondary-color has-text-color has-superbfont-medium-font-size\">Uanset om du har sp\u00f8rgsm\u00e5l, brug for r\u00e5dgivning eller teknisk assistance, er jeg altid klar til at hj\u00e6lpe dig<\/p>\n<\/div>\n\n<div class=\"wp-block-column is-vertically-aligned-center is-layout-flow wp-block-column-is-layout-flow\" style=\"padding-right: 0; padding-bottom: 0; padding-left: 0;\">\u00a0<\/div>\n<\/div>\n\n<p><strong>F\u00e5 hj\u00e6lp via:<\/strong><\/p>\n\n<h5 class=\"wp-block-heading\">Telefon<\/h5>\n\n<h5 class=\"wp-block-heading\">Mail<\/h5>\n\n<ul class=\"wp-block-list\">\n<li>\u00a0<\/li>\n<\/ul>\n<\/div><\/div>\n<\/div><\/div>\n<\/div><\/div>\n\n<div class=\"wp-block-group alignfull\"><div class=\"wp-block-group__inner-container is-layout-flow wp-block-group-is-layout-flow\">\n<div class=\"wp-block-group alignfull is-nowrap is-layout-flex wp-container-core-group-is-layout-23b34fd3 wp-block-group-is-layout-flex\" style=\"padding: var(--wp--preset--spacing--superbspacing-xxlarge) var(--wp--preset--spacing--superbspacing-small) var(--wp--preset--spacing--superbspacing-xxlarge) var(--wp--preset--spacing--superbspacing-small);\">\n<div class=\"wp-block-columns alignwide is-layout-flex wp-container-core-columns-is-layout-ad306d4b wp-block-columns-is-layout-flex\" style=\"margin-top: 0; margin-bottom: 0;\">\n<div class=\"wp-block-column is-vertically-aligned-center is-layout-flow wp-block-column-is-layout-flow\">\n<h4 class=\"wp-block-heading has-text-align-left has-superbfont-large-font-size\">Begrebet servicetimer<\/h4>\n\n<h3 class=\"wp-block-heading\">Aars-webdesign er kun et telefon opkald v\u00e6k &#8211; +45 21 47 33 72<\/h3>\n\n<p class=\"has-text-align-left has-secondary-color has-text-color has-superbfont-medium-font-size\">Servicetimernes opgavetyper, er alt hvad der ligger udenfor mine standardl\u00f8sninger, og som varierer i timer, alt efter opgaven. Det kan for eksempel v\u00e6re indtastning af sider og produkter eller ops\u00e6tning af eksempelvis et filtersystem og lignende nye funktioner p\u00e5 en webshop. Derudover hj\u00e6lper jeg ogs\u00e5 gerne med mindre IT-problemer s\u00e5som ops\u00e6tning af e-mail p\u00e5 forskellige enheder eller installering af software p\u00e5 en computer.<\/p>\n<\/div>\n\n<div class=\"wp-block-column is-vertically-aligned-center is-layout-flow wp-block-column-is-layout-flow\" style=\"padding-right: 0; padding-bottom: 0; padding-left: 0;\"><div class=\"wp-block-image\">\n<figure class=\"aligncenter size-large is-resized has-custom-border\"><img decoding=\"async\" width=\"1024\" height=\"682\" class=\"wp-image-254\" style=\"border-radius: 20px; width: 520px; height: auto;\" src=\"https:\/\/aars-webdesign.dk\/wp-content\/uploads\/2024\/10\/Mobil-opkald-1024x682.jpg\" alt=\"\" srcset=\"https:\/\/aars-webdesign.dk\/wp-content\/uploads\/2024\/10\/Mobil-opkald-1024x682.jpg 1024w, https:\/\/aars-webdesign.dk\/wp-content\/uploads\/2024\/10\/Mobil-opkald-300x200.jpg 300w, https:\/\/aars-webdesign.dk\/wp-content\/uploads\/2024\/10\/Mobil-opkald-768x512.jpg 768w, https:\/\/aars-webdesign.dk\/wp-content\/uploads\/2024\/10\/Mobil-opkald.jpg 1280w\" sizes=\"(max-width: 1024px) 100vw, 1024px\" \/><\/figure>\n<\/div><\/div>\n<\/div>\n<\/div>\n<\/div><\/div>\n\n<h3 class=\"wp-block-heading\">Hvad kan servicetimer bruges til?<\/h3>\n\n<p>\u00a0<\/p>\n\n<ul class=\"wp-block-list\">\n<li><strong>Indtastning af produkter, hvis du har en websho<\/strong>p<\/li>\n\n<li><strong>Ops\u00e6tning Google Analytics<\/strong><\/li>\n\n<li><strong>Ekstra kontaktformularer<\/strong><\/li>\n\n<li><strong>Ops\u00e6tning E-mail p\u00e5 enhede<\/strong>r<\/li>\n\n<li><strong>Indtastning af sider<\/strong><\/li>\n<\/ul>\n\n<p>\u00a0<\/p>\n\t\t\t\t\t\t\t\t<\/div>\n\t\t\t\t<\/div>\n\t\t\t\t\t<\/div>\n\t\t\t\t<\/div>\n\t\t\t\t<\/div>\n\t\t","protected":false},"excerpt":{"rendered":"<p>Hj\u00e6lp til din hjemmeside, computer eller noget helt andet Fra stort til sm\u00e5t &#8211; Fortvivl ikke, vi hj\u00e6lper gerne Selvom mine l\u00f8sninger er utrolige nemme at arbejde med er det nogle gange bare rart at f\u00e5 hj\u00e6lp. Er du k\u00f8rt fast i redigering af din hjemmeside, sidder jeg klar til at hj\u00e6lpe dig bare rart at f\u00e5 hj\u00e6lp. I stedet for at betale flere tusind kroner om \u00e5ret for at f\u00e5 opdateret din side, kan du hos Aars-webdesign k\u00f8be service timer. Dermed betaler du kun for det du du bruger og der afregnes pr. p\u00e5begynd kvarter. Du kan ogs\u00e5 v\u00e6lge at k\u00f8be &#8211; Fri support N\u00e5r du k\u00f8ber Fri support F\u00e5 den support, du har behov for, uden ekstra omkostninger. Det skal v\u00e6re nemt at have en hjemmeside eller en webshop, som jeg har lavet. Aars-webdesign \u00f8nsker at mine kunder f\u00e5r mest muligt ud af deres hjemmeside, derfor tilbyder jeg at du kan k\u00f8be Fri support. Vi aftaler hvad den Fri support skal indeholde, s\u00e5 har du tid til at bruge dine kr\u00e6fter p\u00e5 din virksomhed. Uanset om du har sp\u00f8rgsm\u00e5l, brug for r\u00e5dgivning eller teknisk assistance, er jeg altid klar til at hj\u00e6lpe dig \u00a0 F\u00e5 hj\u00e6lp via: Telefon Mail Begrebet servicetimer Aars-webdesign er kun et telefon opkald v\u00e6k &#8211; +45 21 47 33 72 Servicetimernes opgavetyper, er alt hvad der ligger udenfor mine standardl\u00f8sninger, og som varierer i timer, alt efter opgaven. Det kan for eksempel v\u00e6re indtastning af sider og produkter eller ops\u00e6tning af eksempelvis et filtersystem og lignende nye funktioner p\u00e5 en webshop. Derudover hj\u00e6lper jeg ogs\u00e5 gerne med mindre IT-problemer s\u00e5som ops\u00e6tning af e-mail p\u00e5 forskellige enheder eller installering af software p\u00e5 en computer. Hvad kan servicetimer bruges til? \u00a0 \u00a0<\/p>\n","protected":false},"author":1,"featured_media":0,"parent":0,"menu_order":0,"comment_status":"closed","ping_status":"closed","template":"","meta":{"footnotes":""},"class_list":["post-214","page","type-page","status-publish","hentry"],"yoast_head":"<!-- This site is optimized with the Yoast SEO plugin v24.4 - https:\/\/yoast.com\/wordpress\/plugins\/seo\/ -->\n<title>Servicetimer - Aars Webdesign<\/title>\n<meta name=\"robots\" content=\"index, follow, max-snippet:-1, max-image-preview:large, max-video-preview:-1\" \/>\n<link rel=\"canonical\" href=\"https:\/\/aars-webdesign.dk\/index.php\/servicetimer\/\" \/>\n<meta property=\"og:locale\" content=\"da_DK\" \/>\n<meta property=\"og:type\" content=\"article\" \/>\n<meta property=\"og:title\" content=\"Servicetimer - Aars Webdesign\" \/>\n<meta property=\"og:description\" content=\"Hj\u00e6lp til din hjemmeside, computer eller noget helt andet Fra stort til sm\u00e5t &#8211; Fortvivl ikke, vi hj\u00e6lper gerne Selvom mine l\u00f8sninger er utrolige nemme at arbejde med er det nogle gange bare rart at f\u00e5 hj\u00e6lp. Er du k\u00f8rt fast i redigering af din hjemmeside, sidder jeg klar til at hj\u00e6lpe dig bare rart at f\u00e5 hj\u00e6lp. I stedet for at betale flere tusind kroner om \u00e5ret for at f\u00e5 opdateret din side, kan du hos Aars-webdesign k\u00f8be service timer. Dermed betaler du kun for det du du bruger og der afregnes pr. p\u00e5begynd kvarter. Du kan ogs\u00e5 v\u00e6lge at k\u00f8be &#8211; Fri support N\u00e5r du k\u00f8ber Fri support F\u00e5 den support, du har behov for, uden ekstra omkostninger. Det skal v\u00e6re nemt at have en hjemmeside eller en webshop, som jeg har lavet. Aars-webdesign \u00f8nsker at mine kunder f\u00e5r mest muligt ud af deres hjemmeside, derfor tilbyder jeg at du kan k\u00f8be Fri support. Vi aftaler hvad den Fri support skal indeholde, s\u00e5 har du tid til at bruge dine kr\u00e6fter p\u00e5 din virksomhed. Uanset om du har sp\u00f8rgsm\u00e5l, brug for r\u00e5dgivning eller teknisk assistance, er jeg altid klar til at hj\u00e6lpe dig \u00a0 F\u00e5 hj\u00e6lp via: Telefon Mail Begrebet servicetimer Aars-webdesign er kun et telefon opkald v\u00e6k &#8211; +45 21 47 33 72 Servicetimernes opgavetyper, er alt hvad der ligger udenfor mine standardl\u00f8sninger, og som varierer i timer, alt efter opgaven. Det kan for eksempel v\u00e6re indtastning af sider og produkter eller ops\u00e6tning af eksempelvis et filtersystem og lignende nye funktioner p\u00e5 en webshop. Derudover hj\u00e6lper jeg ogs\u00e5 gerne med mindre IT-problemer s\u00e5som ops\u00e6tning af e-mail p\u00e5 forskellige enheder eller installering af software p\u00e5 en computer. Hvad kan servicetimer bruges til? \u00a0 \u00a0\" \/>\n<meta property=\"og:url\" content=\"https:\/\/aars-webdesign.dk\/index.php\/servicetimer\/\" \/>\n<meta property=\"og:site_name\" content=\"Aars Webdesign\" \/>\n<meta property=\"article:modified_time\" content=\"2025-02-06T00:12:19+00:00\" \/>\n<meta property=\"og:image\" content=\"https:\/\/aars-webdesign.dk\/wp-content\/uploads\/2024\/10\/Fortvivl-ikke-foran-baerbar.jpg\" \/>\n\t<meta property=\"og:image:width\" content=\"1280\" \/>\n\t<meta property=\"og:image:height\" content=\"865\" \/>\n\t<meta property=\"og:image:type\" content=\"image\/jpeg\" \/>\n<meta name=\"twitter:card\" content=\"summary_large_image\" \/>\n<meta name=\"twitter:label1\" content=\"Estimeret l\u00e6setid\" \/>\n\t<meta name=\"twitter:data1\" content=\"3 minutter\" \/>\n<script type=\"application\/ld+json\" class=\"yoast-schema-graph\">{\"@context\":\"https:\/\/schema.org\",\"@graph\":[{\"@type\":\"WebPage\",\"@id\":\"https:\/\/aars-webdesign.dk\/index.php\/servicetimer\/\",\"url\":\"https:\/\/aars-webdesign.dk\/index.php\/servicetimer\/\",\"name\":\"Servicetimer - Aars Webdesign\",\"isPartOf\":{\"@id\":\"https:\/\/aars-webdesign.dk\/#website\"},\"primaryImageOfPage\":{\"@id\":\"https:\/\/aars-webdesign.dk\/index.php\/servicetimer\/#primaryimage\"},\"image\":{\"@id\":\"https:\/\/aars-webdesign.dk\/index.php\/servicetimer\/#primaryimage\"},\"thumbnailUrl\":\"https:\/\/aars-webdesign.dk\/wp-content\/uploads\/2024\/10\/Fortvivl-ikke-foran-baerbar-1024x692.jpg\",\"datePublished\":\"2024-10-01T10:55:53+00:00\",\"dateModified\":\"2025-02-06T00:12:19+00:00\",\"breadcrumb\":{\"@id\":\"https:\/\/aars-webdesign.dk\/index.php\/servicetimer\/#breadcrumb\"},\"inLanguage\":\"da-DK\",\"potentialAction\":[{\"@type\":\"ReadAction\",\"target\":[\"https:\/\/aars-webdesign.dk\/index.php\/servicetimer\/\"]}]},{\"@type\":\"ImageObject\",\"inLanguage\":\"da-DK\",\"@id\":\"https:\/\/aars-webdesign.dk\/index.php\/servicetimer\/#primaryimage\",\"url\":\"https:\/\/aars-webdesign.dk\/wp-content\/uploads\/2024\/10\/Fortvivl-ikke-foran-baerbar.jpg\",\"contentUrl\":\"https:\/\/aars-webdesign.dk\/wp-content\/uploads\/2024\/10\/Fortvivl-ikke-foran-baerbar.jpg\",\"width\":1280,\"height\":865},{\"@type\":\"BreadcrumbList\",\"@id\":\"https:\/\/aars-webdesign.dk\/index.php\/servicetimer\/#breadcrumb\",\"itemListElement\":[{\"@type\":\"ListItem\",\"position\":1,\"name\":\"Hjem\",\"item\":\"https:\/\/aars-webdesign.dk\/\"},{\"@type\":\"ListItem\",\"position\":2,\"name\":\"Servicetimer\"}]},{\"@type\":\"WebSite\",\"@id\":\"https:\/\/aars-webdesign.dk\/#website\",\"url\":\"https:\/\/aars-webdesign.dk\/\",\"name\":\"Aars Webdesign\",\"description\":\"Din fleksible webdesigner af hjemmesider\",\"publisher\":{\"@id\":\"https:\/\/aars-webdesign.dk\/#organization\"},\"potentialAction\":[{\"@type\":\"SearchAction\",\"target\":{\"@type\":\"EntryPoint\",\"urlTemplate\":\"https:\/\/aars-webdesign.dk\/?s={search_term_string}\"},\"query-input\":{\"@type\":\"PropertyValueSpecification\",\"valueRequired\":true,\"valueName\":\"search_term_string\"}}],\"inLanguage\":\"da-DK\"},{\"@type\":\"Organization\",\"@id\":\"https:\/\/aars-webdesign.dk\/#organization\",\"name\":\"Aars Webdesign\",\"url\":\"https:\/\/aars-webdesign.dk\/\",\"logo\":{\"@type\":\"ImageObject\",\"inLanguage\":\"da-DK\",\"@id\":\"https:\/\/aars-webdesign.dk\/#\/schema\/logo\/image\/\",\"url\":\"https:\/\/aars-webdesign.dk\/wp-content\/uploads\/2025\/01\/cropped-Webdesign-logo-Rund-uden-baggrund-png-e1737572596296.png\",\"contentUrl\":\"https:\/\/aars-webdesign.dk\/wp-content\/uploads\/2025\/01\/cropped-Webdesign-logo-Rund-uden-baggrund-png-e1737572596296.png\",\"width\":300,\"height\":300,\"caption\":\"Aars Webdesign\"},\"image\":{\"@id\":\"https:\/\/aars-webdesign.dk\/#\/schema\/logo\/image\/\"}}]}<\/script>\n<!-- \/ Yoast SEO plugin. -->","yoast_head_json":{"title":"Servicetimer - Aars Webdesign","robots":{"index":"index","follow":"follow","max-snippet":"max-snippet:-1","max-image-preview":"max-image-preview:large","max-video-preview":"max-video-preview:-1"},"canonical":"https:\/\/aars-webdesign.dk\/index.php\/servicetimer\/","og_locale":"da_DK","og_type":"article","og_title":"Servicetimer - Aars Webdesign","og_description":"Hj\u00e6lp til din hjemmeside, computer eller noget helt andet Fra stort til sm\u00e5t &#8211; Fortvivl ikke, vi hj\u00e6lper gerne Selvom mine l\u00f8sninger er utrolige nemme at arbejde med er det nogle gange bare rart at f\u00e5 hj\u00e6lp. Er du k\u00f8rt fast i redigering af din hjemmeside, sidder jeg klar til at hj\u00e6lpe dig bare rart at f\u00e5 hj\u00e6lp. I stedet for at betale flere tusind kroner om \u00e5ret for at f\u00e5 opdateret din side, kan du hos Aars-webdesign k\u00f8be service timer. Dermed betaler du kun for det du du bruger og der afregnes pr. p\u00e5begynd kvarter. Du kan ogs\u00e5 v\u00e6lge at k\u00f8be &#8211; Fri support N\u00e5r du k\u00f8ber Fri support F\u00e5 den support, du har behov for, uden ekstra omkostninger. Det skal v\u00e6re nemt at have en hjemmeside eller en webshop, som jeg har lavet. Aars-webdesign \u00f8nsker at mine kunder f\u00e5r mest muligt ud af deres hjemmeside, derfor tilbyder jeg at du kan k\u00f8be Fri support. Vi aftaler hvad den Fri support skal indeholde, s\u00e5 har du tid til at bruge dine kr\u00e6fter p\u00e5 din virksomhed. Uanset om du har sp\u00f8rgsm\u00e5l, brug for r\u00e5dgivning eller teknisk assistance, er jeg altid klar til at hj\u00e6lpe dig \u00a0 F\u00e5 hj\u00e6lp via: Telefon Mail Begrebet servicetimer Aars-webdesign er kun et telefon opkald v\u00e6k &#8211; +45 21 47 33 72 Servicetimernes opgavetyper, er alt hvad der ligger udenfor mine standardl\u00f8sninger, og som varierer i timer, alt efter opgaven. Det kan for eksempel v\u00e6re indtastning af sider og produkter eller ops\u00e6tning af eksempelvis et filtersystem og lignende nye funktioner p\u00e5 en webshop. Derudover hj\u00e6lper jeg ogs\u00e5 gerne med mindre IT-problemer s\u00e5som ops\u00e6tning af e-mail p\u00e5 forskellige enheder eller installering af software p\u00e5 en computer. Hvad kan servicetimer bruges til? \u00a0 \u00a0","og_url":"https:\/\/aars-webdesign.dk\/index.php\/servicetimer\/","og_site_name":"Aars Webdesign","article_modified_time":"2025-02-06T00:12:19+00:00","og_image":[{"width":1280,"height":865,"url":"https:\/\/aars-webdesign.dk\/wp-content\/uploads\/2024\/10\/Fortvivl-ikke-foran-baerbar.jpg","type":"image\/jpeg"}],"twitter_card":"summary_large_image","twitter_misc":{"Estimeret l\u00e6setid":"3 minutter"},"schema":{"@context":"https:\/\/schema.org","@graph":[{"@type":"WebPage","@id":"https:\/\/aars-webdesign.dk\/index.php\/servicetimer\/","url":"https:\/\/aars-webdesign.dk\/index.php\/servicetimer\/","name":"Servicetimer - Aars Webdesign","isPartOf":{"@id":"https:\/\/aars-webdesign.dk\/#website"},"primaryImageOfPage":{"@id":"https:\/\/aars-webdesign.dk\/index.php\/servicetimer\/#primaryimage"},"image":{"@id":"https:\/\/aars-webdesign.dk\/index.php\/servicetimer\/#primaryimage"},"thumbnailUrl":"https:\/\/aars-webdesign.dk\/wp-content\/uploads\/2024\/10\/Fortvivl-ikke-foran-baerbar-1024x692.jpg","datePublished":"2024-10-01T10:55:53+00:00","dateModified":"2025-02-06T00:12:19+00:00","breadcrumb":{"@id":"https:\/\/aars-webdesign.dk\/index.php\/servicetimer\/#breadcrumb"},"inLanguage":"da-DK","potentialAction":[{"@type":"ReadAction","target":["https:\/\/aars-webdesign.dk\/index.php\/servicetimer\/"]}]},{"@type":"ImageObject","inLanguage":"da-DK","@id":"https:\/\/aars-webdesign.dk\/index.php\/servicetimer\/#primaryimage","url":"https:\/\/aars-webdesign.dk\/wp-content\/uploads\/2024\/10\/Fortvivl-ikke-foran-baerbar.jpg","contentUrl":"https:\/\/aars-webdesign.dk\/wp-content\/uploads\/2024\/10\/Fortvivl-ikke-foran-baerbar.jpg","width":1280,"height":865},{"@type":"BreadcrumbList","@id":"https:\/\/aars-webdesign.dk\/index.php\/servicetimer\/#breadcrumb","itemListElement":[{"@type":"ListItem","position":1,"name":"Hjem","item":"https:\/\/aars-webdesign.dk\/"},{"@type":"ListItem","position":2,"name":"Servicetimer"}]},{"@type":"WebSite","@id":"https:\/\/aars-webdesign.dk\/#website","url":"https:\/\/aars-webdesign.dk\/","name":"Aars Webdesign","description":"Din fleksible webdesigner af hjemmesider","publisher":{"@id":"https:\/\/aars-webdesign.dk\/#organization"},"potentialAction":[{"@type":"SearchAction","target":{"@type":"EntryPoint","urlTemplate":"https:\/\/aars-webdesign.dk\/?s={search_term_string}"},"query-input":{"@type":"PropertyValueSpecification","valueRequired":true,"valueName":"search_term_string"}}],"inLanguage":"da-DK"},{"@type":"Organization","@id":"https:\/\/aars-webdesign.dk\/#organization","name":"Aars Webdesign","url":"https:\/\/aars-webdesign.dk\/","logo":{"@type":"ImageObject","inLanguage":"da-DK","@id":"https:\/\/aars-webdesign.dk\/#\/schema\/logo\/image\/","url":"https:\/\/aars-webdesign.dk\/wp-content\/uploads\/2025\/01\/cropped-Webdesign-logo-Rund-uden-baggrund-png-e1737572596296.png","contentUrl":"https:\/\/aars-webdesign.dk\/wp-content\/uploads\/2025\/01\/cropped-Webdesign-logo-Rund-uden-baggrund-png-e1737572596296.png","width":300,"height":300,"caption":"Aars Webdesign"},"image":{"@id":"https:\/\/aars-webdesign.dk\/#\/schema\/logo\/image\/"}}]}},"_links":{"self":[{"href":"https:\/\/aars-webdesign.dk\/index.php\/wp-json\/wp\/v2\/pages\/214","targetHints":{"allow":["GET"]}}],"collection":[{"href":"https:\/\/aars-webdesign.dk\/index.php\/wp-json\/wp\/v2\/pages"}],"about":[{"href":"https:\/\/aars-webdesign.dk\/index.php\/wp-json\/wp\/v2\/types\/page"}],"author":[{"embeddable":true,"href":"https:\/\/aars-webdesign.dk\/index.php\/wp-json\/wp\/v2\/users\/1"}],"replies":[{"embeddable":true,"href":"https:\/\/aars-webdesign.dk\/index.php\/wp-json\/wp\/v2\/comments?post=214"}],"version-history":[{"count":3,"href":"https:\/\/aars-webdesign.dk\/index.php\/wp-json\/wp\/v2\/pages\/214\/revisions"}],"predecessor-version":[{"id":968,"href":"https:\/\/aars-webdesign.dk\/index.php\/wp-json\/wp\/v2\/pages\/214\/revisions\/968"}],"wp:attachment":[{"href":"https:\/\/aars-webdesign.dk\/index.php\/wp-json\/wp\/v2\/media?parent=214"}],"curies":[{"name":"wp","href":"https:\/\/api.w.org\/{rel}","templated":true}]}}