{"id":211,"date":"2024-10-01T10:53:02","date_gmt":"2024-10-01T10:53:02","guid":{"rendered":"https:\/\/green-webdesign.dk\/?page_id=211"},"modified":"2024-10-01T10:53:02","modified_gmt":"2024-10-01T10:53:02","slug":"markedsfoering-online","status":"publish","type":"page","link":"https:\/\/aars-webdesign.dk\/index.php\/markedsfoering-online\/","title":{"rendered":"Markedsf\u00f8ring online"},"content":{"rendered":"\t\t<div data-elementor-type=\"wp-page\" data-elementor-id=\"211\" class=\"elementor elementor-211\" data-elementor-post-type=\"page\">\n\t\t\t\t<div class=\"elementor-element elementor-element-cc07a60 e-flex e-con-boxed wpr-particle-no wpr-jarallax-no wpr-parallax-no wpr-sticky-section-no e-con e-parent\" data-id=\"cc07a60\" data-element_type=\"container\">\n\t\t\t\t\t<div class=\"e-con-inner\">\n\t\t\t\t<div class=\"elementor-element elementor-element-0512fba elementor-widget elementor-widget-heading\" data-id=\"0512fba\" data-element_type=\"widget\" data-widget_type=\"heading.default\">\n\t\t\t\t<div class=\"elementor-widget-container\">\n\t\t\t\t\t<h2 class=\"elementor-heading-title elementor-size-default\">S\u00f8gemaskineoptimering<\/h2>\t\t\t\t<\/div>\n\t\t\t\t<\/div>\n\t\t\t\t\t<\/div>\n\t\t\t\t<\/div>\n\t\t<div class=\"elementor-element elementor-element-1750f31 e-flex e-con-boxed wpr-particle-no wpr-jarallax-no wpr-parallax-no wpr-sticky-section-no e-con e-parent\" data-id=\"1750f31\" data-element_type=\"container\">\n\t\t\t\t\t<div class=\"e-con-inner\">\n\t\t\t\t<div class=\"elementor-element elementor-element-bf88eeb elementor-widget elementor-widget-heading\" data-id=\"bf88eeb\" data-element_type=\"widget\" data-widget_type=\"heading.default\">\n\t\t\t\t<div class=\"elementor-widget-container\">\n\t\t\t\t\t<h2 class=\"elementor-heading-title elementor-size-default\">Fortvivl ikke - Jeg hj\u00e6lper dig p\u00e5 vej<\/h2>\t\t\t\t<\/div>\n\t\t\t\t<\/div>\n\t\t\t\t\t<\/div>\n\t\t\t\t<\/div>\n\t\t<div class=\"elementor-element elementor-element-80d6d98 e-grid e-con-full wpr-particle-no wpr-jarallax-no wpr-parallax-no wpr-sticky-section-no e-con e-parent\" data-id=\"80d6d98\" data-element_type=\"container\">\n\t\t\t\t<div class=\"elementor-element elementor-element-cec9cc3 elementor-widget elementor-widget-text-editor\" data-id=\"cec9cc3\" data-element_type=\"widget\" data-widget_type=\"text-editor.default\">\n\t\t\t\t<div class=\"elementor-widget-container\">\n\t\t\t\t\t\t\t\t\t<h2 class=\"wp-block-heading\"><strong>Lad mig tage det sure arbejde!<\/strong><\/h2>\n<p><!-- \/wp:heading --><!-- wp:paragraph --><\/p>\n<p>Brug din tid hvor den giver mest v\u00e6rdi for dig, og lad mig st\u00e5 for din hjemmeside og markedsf\u00f8ring.<\/p>\n<p><!-- \/wp:paragraph --><!-- wp:paragraph --><\/p>\n<p>Jeg sidder klar alle dage i ugen p\u00e5 telefonen, og tager imod dine rettelser med et smil.<\/p>\n<p>Markedsf\u00f8ring er at s\u00f8rge for at potentielle kunder f\u00e5r fremvist dit produkt.<\/p>\n<h4>Man kan f\u00e5 sin side synlig p\u00e5 forskellige m\u00e5der, gennem SEO (s\u00f8gemaskineoptimering)<\/h4>\n<h4>og Google Ads.<\/h4>\n<p>\u00a0<\/p>\n<h4 class=\"wp-block-heading\">Annoncering p\u00e5 Facebook<\/h4>\n<p>\u00a0<\/p>\n<p>.<\/p>\t\t\t\t\t\t\t\t<\/div>\n\t\t\t\t<\/div>\n\t\t\t\t<div class=\"elementor-element elementor-element-221890d elementor-widget elementor-widget-image\" data-id=\"221890d\" data-element_type=\"widget\" data-widget_type=\"image.default\">\n\t\t\t\t<div class=\"elementor-widget-container\">\n\t\t\t\t\t\t\t\t\t\t\t\t\t\t\t<img decoding=\"async\" src=\"https:\/\/aars-webdesign.dk\/wp-content\/uploads\/2024\/11\/Fortvil-ikke.jpg\" title=\"Fortvil ikke\" alt=\"Fortvil ikke\" loading=\"lazy\" \/>\t\t\t\t\t\t\t\t\t\t\t\t\t\t\t<\/div>\n\t\t\t\t<\/div>\n\t\t\t\t<div class=\"elementor-element elementor-element-da3aeaa elementor-widget elementor-widget-text-editor\" data-id=\"da3aeaa\" data-element_type=\"widget\" data-widget_type=\"text-editor.default\">\n\t\t\t\t<div class=\"elementor-widget-container\">\n\t\t\t\t\t\t\t\t\t<h2 class=\"wp-block-heading\">Hvordan virker SEO<\/h2>\n<p><!-- \/wp:heading --><!-- wp:paragraph --><\/p>\n<p><strong>SEO marketing betegnes typisk som markedsf\u00f8ring via<\/strong>. s\u00f8gemaskineoptimering (SEO). Kort fortalt handler det om, hvordan man kan forbedre en hjemmesides synlighed i s\u00f8gemaskiner som Google. S\u00f8gemaskiner fungerer ved at benytte en s\u00f8gefunktion, der pr\u00e6senterer brugeren for en side med s\u00f8geresultater. Ved SEO arbejder man med at forbedre hjemmesiden, s\u00f8geord mm. s\u00e5 det bliver mere relevant for brugeren, og det er nemlig d\u00e9t, som kan rangere din hjemmeside h\u00f8jere end dine konkurrenters i Googles s\u00f8gemaskine.<\/p>\n<p><!-- \/wp:paragraph --><!-- wp:paragraph --><\/p>\n<p>Dette er en stor fordel for dig, for du vil f\u00e5 meget mere opm\u00e6rksomhed fra potentielle kunder, og hermed for\u00f8ger dine chancer markant om at f\u00e5 flere kunder.<\/p>\t\t\t\t\t\t\t\t<\/div>\n\t\t\t\t<\/div>\n\t\t\t\t<div class=\"elementor-element elementor-element-e42231c elementor-widget elementor-widget-text-editor\" data-id=\"e42231c\" data-element_type=\"widget\" data-widget_type=\"text-editor.default\">\n\t\t\t\t<div class=\"elementor-widget-container\">\n\t\t\t\t\t\t\t\t\t<h2 class=\"wp-block-heading\">Google Adwords\/Google Ads<\/h2>\n<p><!-- \/wp:heading --><!-- wp:paragraph --><\/p>\n<p>Google Ads er hovedsageligt de \u00f8verste annoncer som fremkommer, n\u00e5r du foretager en Google-s\u00f8gning.<\/p>\n<p><!-- \/wp:paragraph --><!-- wp:paragraph --><\/p>\n<p>Disse annoncer er blevet betalt af virksomhederne for at v\u00e6re \u00f8verst, da det er dem, som f\u00e5r mest opm\u00e6rksomhed af s\u00f8geren \u2013 virksomheden betaler dog f\u00f8rst, n\u00e5r s\u00f8geren klikker p\u00e5 annoncen. Ved Google Ads f\u00e5r man muligheden for at v\u00e6lge, hvilke annoncer man vil benytte og hvor \u2013 alts\u00e5 om det skal v\u00e6re tekstannoncer, bannerreklamer osv.<\/p>\n<p><!-- \/wp:paragraph --><!-- wp:paragraph --><\/p>\n<p>Her kan man ogs\u00e5 v\u00e6lge hvilke hjemmesider, annoncen skal blive vist p\u00e5 \u2013 disse hjemmesider er forbundet med Google.<\/p>\t\t\t\t\t\t\t\t<\/div>\n\t\t\t\t<\/div>\n\t\t\t\t<\/div>\n\t\t<div class=\"elementor-element elementor-element-9fd2c6f e-grid e-con-full wpr-particle-no wpr-jarallax-no wpr-parallax-no wpr-sticky-section-no e-con e-parent\" data-id=\"9fd2c6f\" data-element_type=\"container\">\n\t\t\t\t<div class=\"elementor-element elementor-element-7e37dd6 elementor-widget elementor-widget-text-editor\" data-id=\"7e37dd6\" data-element_type=\"widget\" data-widget_type=\"text-editor.default\">\n\t\t\t\t<div class=\"elementor-widget-container\">\n\t\t\t\t\t\t\t\t\t<h2 class=\"wp-block-heading\">Annoncering p\u00e5 Facebook<\/h2>\n<p><!-- \/wp:heading --><!-- wp:heading --><\/p>\n<h2 class=\"wp-block-heading\"><strong>Boost dit salg<\/strong> med Facebook annoncering<\/h2>\n<p><!-- \/wp:heading --><!-- wp:paragraph --><\/p>\n<p>Har du sv\u00e6rt ved at finde tid til markedsf\u00f8ring af din virksomhed eller ved du ikke, hvordan du skal gribe det an?<\/p>\n<p><!-- \/wp:paragraph --><!-- wp:paragraph --><\/p>\n<p>Men du har et br\u00e6ndende \u00f8nske om at \u00f8ge kendskabet til netop din forretning via de sociale medier?<\/p>\n<p><!-- \/wp:paragraph --><!-- wp:paragraph --><\/p>\n<p>Jeg hj\u00e6lper dig p\u00e5 vej med annoncer p\u00e5 Facebook<\/p>\t\t\t\t\t\t\t\t<\/div>\n\t\t\t\t<\/div>\n\t\t\t\t<\/div>\n\t\t\t\t<\/div>\n\t\t","protected":false},"excerpt":{"rendered":"<p>S\u00f8gemaskineoptimering Fortvivl ikke &#8211; Jeg hj\u00e6lper dig p\u00e5 vej Lad mig tage det sure arbejde! Brug din tid hvor den giver mest v\u00e6rdi for dig, og lad mig st\u00e5 for din hjemmeside og markedsf\u00f8ring. Jeg sidder klar alle dage i ugen p\u00e5 telefonen, og tager imod dine rettelser med et smil. Markedsf\u00f8ring er at s\u00f8rge for at potentielle kunder f\u00e5r fremvist dit produkt. Man kan f\u00e5 sin side synlig p\u00e5 forskellige m\u00e5der, gennem SEO (s\u00f8gemaskineoptimering) og Google Ads. \u00a0 Annoncering p\u00e5 Facebook \u00a0 . Hvordan virker SEO SEO marketing betegnes typisk som markedsf\u00f8ring via. s\u00f8gemaskineoptimering (SEO). Kort fortalt handler det om, hvordan man kan forbedre en hjemmesides synlighed i s\u00f8gemaskiner som Google. S\u00f8gemaskiner fungerer ved at benytte en s\u00f8gefunktion, der pr\u00e6senterer brugeren for en side med s\u00f8geresultater. Ved SEO arbejder man med at forbedre hjemmesiden, s\u00f8geord mm. s\u00e5 det bliver mere relevant for brugeren, og det er nemlig d\u00e9t, som kan rangere din hjemmeside h\u00f8jere end dine konkurrenters i Googles s\u00f8gemaskine. Dette er en stor fordel for dig, for du vil f\u00e5 meget mere opm\u00e6rksomhed fra potentielle kunder, og hermed for\u00f8ger dine chancer markant om at f\u00e5 flere kunder. Google Adwords\/Google Ads Google Ads er hovedsageligt de \u00f8verste annoncer som fremkommer, n\u00e5r du foretager en Google-s\u00f8gning. Disse annoncer er blevet betalt af virksomhederne for at v\u00e6re \u00f8verst, da det er dem, som f\u00e5r mest opm\u00e6rksomhed af s\u00f8geren \u2013 virksomheden betaler dog f\u00f8rst, n\u00e5r s\u00f8geren klikker p\u00e5 annoncen. Ved Google Ads f\u00e5r man muligheden for at v\u00e6lge, hvilke annoncer man vil benytte og hvor \u2013 alts\u00e5 om det skal v\u00e6re tekstannoncer, bannerreklamer osv. Her kan man ogs\u00e5 v\u00e6lge hvilke hjemmesider, annoncen skal blive vist p\u00e5 \u2013 disse hjemmesider er forbundet med Google. Annoncering p\u00e5 Facebook Boost dit salg med Facebook annoncering Har du sv\u00e6rt ved at finde tid til markedsf\u00f8ring af din virksomhed eller ved du ikke, hvordan du skal gribe det an? Men du har et br\u00e6ndende \u00f8nske om at \u00f8ge kendskabet til netop din forretning via de sociale medier? Jeg hj\u00e6lper dig p\u00e5 vej med annoncer p\u00e5 Facebook<\/p>\n","protected":false},"author":1,"featured_media":0,"parent":0,"menu_order":0,"comment_status":"closed","ping_status":"closed","template":"","meta":{"footnotes":""},"class_list":["post-211","page","type-page","status-publish","hentry"],"yoast_head":"<!-- This site is optimized with the Yoast SEO plugin v24.4 - https:\/\/yoast.com\/wordpress\/plugins\/seo\/ -->\n<title>Markedsf\u00f8ring online - Aars Webdesign<\/title>\n<meta name=\"robots\" content=\"index, follow, max-snippet:-1, max-image-preview:large, max-video-preview:-1\" \/>\n<link rel=\"canonical\" href=\"https:\/\/aars-webdesign.dk\/index.php\/markedsfoering-online\/\" \/>\n<meta property=\"og:locale\" content=\"da_DK\" \/>\n<meta property=\"og:type\" content=\"article\" \/>\n<meta property=\"og:title\" content=\"Markedsf\u00f8ring online - Aars Webdesign\" \/>\n<meta property=\"og:description\" content=\"S\u00f8gemaskineoptimering Fortvivl ikke &#8211; Jeg hj\u00e6lper dig p\u00e5 vej Lad mig tage det sure arbejde! Brug din tid hvor den giver mest v\u00e6rdi for dig, og lad mig st\u00e5 for din hjemmeside og markedsf\u00f8ring. Jeg sidder klar alle dage i ugen p\u00e5 telefonen, og tager imod dine rettelser med et smil. Markedsf\u00f8ring er at s\u00f8rge for at potentielle kunder f\u00e5r fremvist dit produkt. Man kan f\u00e5 sin side synlig p\u00e5 forskellige m\u00e5der, gennem SEO (s\u00f8gemaskineoptimering) og Google Ads. \u00a0 Annoncering p\u00e5 Facebook \u00a0 . Hvordan virker SEO SEO marketing betegnes typisk som markedsf\u00f8ring via. s\u00f8gemaskineoptimering (SEO). Kort fortalt handler det om, hvordan man kan forbedre en hjemmesides synlighed i s\u00f8gemaskiner som Google. S\u00f8gemaskiner fungerer ved at benytte en s\u00f8gefunktion, der pr\u00e6senterer brugeren for en side med s\u00f8geresultater. Ved SEO arbejder man med at forbedre hjemmesiden, s\u00f8geord mm. s\u00e5 det bliver mere relevant for brugeren, og det er nemlig d\u00e9t, som kan rangere din hjemmeside h\u00f8jere end dine konkurrenters i Googles s\u00f8gemaskine. Dette er en stor fordel for dig, for du vil f\u00e5 meget mere opm\u00e6rksomhed fra potentielle kunder, og hermed for\u00f8ger dine chancer markant om at f\u00e5 flere kunder. Google Adwords\/Google Ads Google Ads er hovedsageligt de \u00f8verste annoncer som fremkommer, n\u00e5r du foretager en Google-s\u00f8gning. Disse annoncer er blevet betalt af virksomhederne for at v\u00e6re \u00f8verst, da det er dem, som f\u00e5r mest opm\u00e6rksomhed af s\u00f8geren \u2013 virksomheden betaler dog f\u00f8rst, n\u00e5r s\u00f8geren klikker p\u00e5 annoncen. Ved Google Ads f\u00e5r man muligheden for at v\u00e6lge, hvilke annoncer man vil benytte og hvor \u2013 alts\u00e5 om det skal v\u00e6re tekstannoncer, bannerreklamer osv. Her kan man ogs\u00e5 v\u00e6lge hvilke hjemmesider, annoncen skal blive vist p\u00e5 \u2013 disse hjemmesider er forbundet med Google. Annoncering p\u00e5 Facebook Boost dit salg med Facebook annoncering Har du sv\u00e6rt ved at finde tid til markedsf\u00f8ring af din virksomhed eller ved du ikke, hvordan du skal gribe det an? Men du har et br\u00e6ndende \u00f8nske om at \u00f8ge kendskabet til netop din forretning via de sociale medier? Jeg hj\u00e6lper dig p\u00e5 vej med annoncer p\u00e5 Facebook\" \/>\n<meta property=\"og:url\" content=\"https:\/\/aars-webdesign.dk\/index.php\/markedsfoering-online\/\" \/>\n<meta property=\"og:site_name\" content=\"Aars Webdesign\" \/>\n<meta property=\"og:image\" content=\"https:\/\/aars-webdesign.dk\/wp-content\/uploads\/2024\/11\/Fortvil-ikke.jpg\" \/>\n<meta name=\"twitter:card\" content=\"summary_large_image\" \/>\n<meta name=\"twitter:label1\" content=\"Estimeret l\u00e6setid\" \/>\n\t<meta name=\"twitter:data1\" content=\"3 minutter\" \/>\n<script type=\"application\/ld+json\" class=\"yoast-schema-graph\">{\"@context\":\"https:\/\/schema.org\",\"@graph\":[{\"@type\":\"WebPage\",\"@id\":\"https:\/\/aars-webdesign.dk\/index.php\/markedsfoering-online\/\",\"url\":\"https:\/\/aars-webdesign.dk\/index.php\/markedsfoering-online\/\",\"name\":\"Markedsf\u00f8ring online - Aars Webdesign\",\"isPartOf\":{\"@id\":\"https:\/\/aars-webdesign.dk\/#website\"},\"primaryImageOfPage\":{\"@id\":\"https:\/\/aars-webdesign.dk\/index.php\/markedsfoering-online\/#primaryimage\"},\"image\":{\"@id\":\"https:\/\/aars-webdesign.dk\/index.php\/markedsfoering-online\/#primaryimage\"},\"thumbnailUrl\":\"https:\/\/aars-webdesign.dk\/wp-content\/uploads\/2024\/11\/Fortvil-ikke.jpg\",\"datePublished\":\"2024-10-01T10:53:02+00:00\",\"breadcrumb\":{\"@id\":\"https:\/\/aars-webdesign.dk\/index.php\/markedsfoering-online\/#breadcrumb\"},\"inLanguage\":\"da-DK\",\"potentialAction\":[{\"@type\":\"ReadAction\",\"target\":[\"https:\/\/aars-webdesign.dk\/index.php\/markedsfoering-online\/\"]}]},{\"@type\":\"ImageObject\",\"inLanguage\":\"da-DK\",\"@id\":\"https:\/\/aars-webdesign.dk\/index.php\/markedsfoering-online\/#primaryimage\",\"url\":\"https:\/\/aars-webdesign.dk\/wp-content\/uploads\/2024\/11\/Fortvil-ikke.jpg\",\"contentUrl\":\"https:\/\/aars-webdesign.dk\/wp-content\/uploads\/2024\/11\/Fortvil-ikke.jpg\",\"width\":778,\"height\":616},{\"@type\":\"BreadcrumbList\",\"@id\":\"https:\/\/aars-webdesign.dk\/index.php\/markedsfoering-online\/#breadcrumb\",\"itemListElement\":[{\"@type\":\"ListItem\",\"position\":1,\"name\":\"Hjem\",\"item\":\"https:\/\/aars-webdesign.dk\/\"},{\"@type\":\"ListItem\",\"position\":2,\"name\":\"Markedsf\u00f8ring online\"}]},{\"@type\":\"WebSite\",\"@id\":\"https:\/\/aars-webdesign.dk\/#website\",\"url\":\"https:\/\/aars-webdesign.dk\/\",\"name\":\"Aars Webdesign\",\"description\":\"Din fleksible webdesigner af hjemmesider\",\"publisher\":{\"@id\":\"https:\/\/aars-webdesign.dk\/#organization\"},\"potentialAction\":[{\"@type\":\"SearchAction\",\"target\":{\"@type\":\"EntryPoint\",\"urlTemplate\":\"https:\/\/aars-webdesign.dk\/?s={search_term_string}\"},\"query-input\":{\"@type\":\"PropertyValueSpecification\",\"valueRequired\":true,\"valueName\":\"search_term_string\"}}],\"inLanguage\":\"da-DK\"},{\"@type\":\"Organization\",\"@id\":\"https:\/\/aars-webdesign.dk\/#organization\",\"name\":\"Aars Webdesign\",\"url\":\"https:\/\/aars-webdesign.dk\/\",\"logo\":{\"@type\":\"ImageObject\",\"inLanguage\":\"da-DK\",\"@id\":\"https:\/\/aars-webdesign.dk\/#\/schema\/logo\/image\/\",\"url\":\"https:\/\/aars-webdesign.dk\/wp-content\/uploads\/2025\/01\/cropped-Webdesign-logo-Rund-uden-baggrund-png-e1737572596296.png\",\"contentUrl\":\"https:\/\/aars-webdesign.dk\/wp-content\/uploads\/2025\/01\/cropped-Webdesign-logo-Rund-uden-baggrund-png-e1737572596296.png\",\"width\":300,\"height\":300,\"caption\":\"Aars Webdesign\"},\"image\":{\"@id\":\"https:\/\/aars-webdesign.dk\/#\/schema\/logo\/image\/\"}}]}<\/script>\n<!-- \/ Yoast SEO plugin. -->","yoast_head_json":{"title":"Markedsf\u00f8ring online - Aars Webdesign","robots":{"index":"index","follow":"follow","max-snippet":"max-snippet:-1","max-image-preview":"max-image-preview:large","max-video-preview":"max-video-preview:-1"},"canonical":"https:\/\/aars-webdesign.dk\/index.php\/markedsfoering-online\/","og_locale":"da_DK","og_type":"article","og_title":"Markedsf\u00f8ring online - Aars Webdesign","og_description":"S\u00f8gemaskineoptimering Fortvivl ikke &#8211; Jeg hj\u00e6lper dig p\u00e5 vej Lad mig tage det sure arbejde! Brug din tid hvor den giver mest v\u00e6rdi for dig, og lad mig st\u00e5 for din hjemmeside og markedsf\u00f8ring. Jeg sidder klar alle dage i ugen p\u00e5 telefonen, og tager imod dine rettelser med et smil. Markedsf\u00f8ring er at s\u00f8rge for at potentielle kunder f\u00e5r fremvist dit produkt. Man kan f\u00e5 sin side synlig p\u00e5 forskellige m\u00e5der, gennem SEO (s\u00f8gemaskineoptimering) og Google Ads. \u00a0 Annoncering p\u00e5 Facebook \u00a0 . Hvordan virker SEO SEO marketing betegnes typisk som markedsf\u00f8ring via. s\u00f8gemaskineoptimering (SEO). Kort fortalt handler det om, hvordan man kan forbedre en hjemmesides synlighed i s\u00f8gemaskiner som Google. S\u00f8gemaskiner fungerer ved at benytte en s\u00f8gefunktion, der pr\u00e6senterer brugeren for en side med s\u00f8geresultater. Ved SEO arbejder man med at forbedre hjemmesiden, s\u00f8geord mm. s\u00e5 det bliver mere relevant for brugeren, og det er nemlig d\u00e9t, som kan rangere din hjemmeside h\u00f8jere end dine konkurrenters i Googles s\u00f8gemaskine. Dette er en stor fordel for dig, for du vil f\u00e5 meget mere opm\u00e6rksomhed fra potentielle kunder, og hermed for\u00f8ger dine chancer markant om at f\u00e5 flere kunder. Google Adwords\/Google Ads Google Ads er hovedsageligt de \u00f8verste annoncer som fremkommer, n\u00e5r du foretager en Google-s\u00f8gning. Disse annoncer er blevet betalt af virksomhederne for at v\u00e6re \u00f8verst, da det er dem, som f\u00e5r mest opm\u00e6rksomhed af s\u00f8geren \u2013 virksomheden betaler dog f\u00f8rst, n\u00e5r s\u00f8geren klikker p\u00e5 annoncen. Ved Google Ads f\u00e5r man muligheden for at v\u00e6lge, hvilke annoncer man vil benytte og hvor \u2013 alts\u00e5 om det skal v\u00e6re tekstannoncer, bannerreklamer osv. Her kan man ogs\u00e5 v\u00e6lge hvilke hjemmesider, annoncen skal blive vist p\u00e5 \u2013 disse hjemmesider er forbundet med Google. Annoncering p\u00e5 Facebook Boost dit salg med Facebook annoncering Har du sv\u00e6rt ved at finde tid til markedsf\u00f8ring af din virksomhed eller ved du ikke, hvordan du skal gribe det an? Men du har et br\u00e6ndende \u00f8nske om at \u00f8ge kendskabet til netop din forretning via de sociale medier? Jeg hj\u00e6lper dig p\u00e5 vej med annoncer p\u00e5 Facebook","og_url":"https:\/\/aars-webdesign.dk\/index.php\/markedsfoering-online\/","og_site_name":"Aars Webdesign","og_image":[{"url":"https:\/\/aars-webdesign.dk\/wp-content\/uploads\/2024\/11\/Fortvil-ikke.jpg","type":"","width":"","height":""}],"twitter_card":"summary_large_image","twitter_misc":{"Estimeret l\u00e6setid":"3 minutter"},"schema":{"@context":"https:\/\/schema.org","@graph":[{"@type":"WebPage","@id":"https:\/\/aars-webdesign.dk\/index.php\/markedsfoering-online\/","url":"https:\/\/aars-webdesign.dk\/index.php\/markedsfoering-online\/","name":"Markedsf\u00f8ring online - Aars Webdesign","isPartOf":{"@id":"https:\/\/aars-webdesign.dk\/#website"},"primaryImageOfPage":{"@id":"https:\/\/aars-webdesign.dk\/index.php\/markedsfoering-online\/#primaryimage"},"image":{"@id":"https:\/\/aars-webdesign.dk\/index.php\/markedsfoering-online\/#primaryimage"},"thumbnailUrl":"https:\/\/aars-webdesign.dk\/wp-content\/uploads\/2024\/11\/Fortvil-ikke.jpg","datePublished":"2024-10-01T10:53:02+00:00","breadcrumb":{"@id":"https:\/\/aars-webdesign.dk\/index.php\/markedsfoering-online\/#breadcrumb"},"inLanguage":"da-DK","potentialAction":[{"@type":"ReadAction","target":["https:\/\/aars-webdesign.dk\/index.php\/markedsfoering-online\/"]}]},{"@type":"ImageObject","inLanguage":"da-DK","@id":"https:\/\/aars-webdesign.dk\/index.php\/markedsfoering-online\/#primaryimage","url":"https:\/\/aars-webdesign.dk\/wp-content\/uploads\/2024\/11\/Fortvil-ikke.jpg","contentUrl":"https:\/\/aars-webdesign.dk\/wp-content\/uploads\/2024\/11\/Fortvil-ikke.jpg","width":778,"height":616},{"@type":"BreadcrumbList","@id":"https:\/\/aars-webdesign.dk\/index.php\/markedsfoering-online\/#breadcrumb","itemListElement":[{"@type":"ListItem","position":1,"name":"Hjem","item":"https:\/\/aars-webdesign.dk\/"},{"@type":"ListItem","position":2,"name":"Markedsf\u00f8ring online"}]},{"@type":"WebSite","@id":"https:\/\/aars-webdesign.dk\/#website","url":"https:\/\/aars-webdesign.dk\/","name":"Aars Webdesign","description":"Din fleksible webdesigner af hjemmesider","publisher":{"@id":"https:\/\/aars-webdesign.dk\/#organization"},"potentialAction":[{"@type":"SearchAction","target":{"@type":"EntryPoint","urlTemplate":"https:\/\/aars-webdesign.dk\/?s={search_term_string}"},"query-input":{"@type":"PropertyValueSpecification","valueRequired":true,"valueName":"search_term_string"}}],"inLanguage":"da-DK"},{"@type":"Organization","@id":"https:\/\/aars-webdesign.dk\/#organization","name":"Aars Webdesign","url":"https:\/\/aars-webdesign.dk\/","logo":{"@type":"ImageObject","inLanguage":"da-DK","@id":"https:\/\/aars-webdesign.dk\/#\/schema\/logo\/image\/","url":"https:\/\/aars-webdesign.dk\/wp-content\/uploads\/2025\/01\/cropped-Webdesign-logo-Rund-uden-baggrund-png-e1737572596296.png","contentUrl":"https:\/\/aars-webdesign.dk\/wp-content\/uploads\/2025\/01\/cropped-Webdesign-logo-Rund-uden-baggrund-png-e1737572596296.png","width":300,"height":300,"caption":"Aars Webdesign"},"image":{"@id":"https:\/\/aars-webdesign.dk\/#\/schema\/logo\/image\/"}}]}},"_links":{"self":[{"href":"https:\/\/aars-webdesign.dk\/index.php\/wp-json\/wp\/v2\/pages\/211","targetHints":{"allow":["GET"]}}],"collection":[{"href":"https:\/\/aars-webdesign.dk\/index.php\/wp-json\/wp\/v2\/pages"}],"about":[{"href":"https:\/\/aars-webdesign.dk\/index.php\/wp-json\/wp\/v2\/types\/page"}],"author":[{"embeddable":true,"href":"https:\/\/aars-webdesign.dk\/index.php\/wp-json\/wp\/v2\/users\/1"}],"replies":[{"embeddable":true,"href":"https:\/\/aars-webdesign.dk\/index.php\/wp-json\/wp\/v2\/comments?post=211"}],"version-history":[{"count":0,"href":"https:\/\/aars-webdesign.dk\/index.php\/wp-json\/wp\/v2\/pages\/211\/revisions"}],"wp:attachment":[{"href":"https:\/\/aars-webdesign.dk\/index.php\/wp-json\/wp\/v2\/media?parent=211"}],"curies":[{"name":"wp","href":"https:\/\/api.w.org\/{rel}","templated":true}]}}